= 2*o + 3*o + 6*o - s*o + 1. Calculate x(-1).
-5
Let k(c) = c. Let g be (5/(-10))/((-1)/(-2)) + 6. What is k(g)?
5
Let w(i) = -6*i**3 + 3*i**2 + 4*i + 4. Let p(z) = -z**3 + z + 1. Suppose -2*n + 0*n - 10 = 0. Let u(b) = n*p(b) + w(b). What is u(2)?
1
Let a(w) = w**2 + w. Let c(t) = t**3 + 5*t**2 - 5*t + 4. Let b be c(-6). Let x be 4/3*(13 - b). Let j be (6/10)/((-4)/x). Calculate a(j).
6
Let k(l) be the second derivative of -5*l**4/12 - l**2/2 - 10*l. Suppose 3 = -4*d + d. Calculate k(d).
-6
Let r(l) = l**3 - l + 6. Let f be ((-1 + 0)*(-4 + 4))/3. Calculate r(f).
6
Let r be (-28)/98 + (-4)/(-14). Let s be (-12)/(-3) - r/3. Let h(l) = -l**3 + 4*l**2 + 2*l - 5. Determine h(s).
3
Let m(j) be the third derivative of j**5/60 - j**4/24 - 38*j**2. Determine m(2).
2
Let f(t) = -6*t**3 - 5*t**2 - t + 2. Let v(s) = s**3 + s**2 + s. Let g(b) = f(b) + 4*v(b). Calculate g(-2).
8
Let t be ((-10)/(-6))/((-5)/(-45)). Let b be t/6 - (-1)/(-2). Let i(w) = -w**2 + 3 + b*w**2 + 0*w**2 - w. Calculate i(0).
3
Let d(t) = -1 + t**3 + 48*t**2 + 5*t - 94*t**2 + 2*t + 40*t**2. Let j = 13 - 8. Give d(j).
9
Let d(h) be the third derivative of -h**4/24 + h**3/3 - 3*h**2. Let f be d(7). Let s(w) = -w**2 - 6*w + 3. Determine s(f).
8
Suppose 0 = 3*u - 6*u + 15. Suppose -u*q - 7 = 18. Let m(k) be the first derivative of -k**3/3 - 2*k**2 + 2*k + 14. Calculate m(q).
-3
Let s(h) be the second derivative of -h**6/180 + h**5/24 - h**4/12 - 4*h**3/3 - 5*h. Let b(a) be the second derivative of s(a). What is b(3)?
-5
Let m(t) = -5*t**2 - 7*t + 9. Let p(l) = -2*l**2 - 2*l + 3. Let c(u) = 3*m(u) - 8*p(u). Suppose 5 = -3*q - 5*r, 4*q - 5*r - 26 = 14. Determine c(q).
3
Let l(t) = 11*t**3 - 9*t**2 - 2*t + 9. Let w(a) = 6*a**3 - 5*a**2 - a + 5. Let k(d) = 4*l(d) - 7*w(d). Calculate k(1).
1
Let c(j) = -2*j**3 + 3*j**2 + 4*j + 1. Let n = 4 + -3. Let f = n + 2. Determine c(f).
-14
Let a(m) be the second derivative of m**5/20 - 5*m**4/12 - 5*m**3/6 - 3*m**2 - 3*m. Determine a(6).
0
Let b = -8 - -13. Suppose o + 2*o = 18. Let j(u) = 3 - u + u**2 - 5*u - o + 3*u. Determine j(b).
7
Let b(s) = 0*s**2 + 4*s - 5 - s**2 + 4. Let z = 9 - 11. Let h = 7 + z. What is b(h)?
-6
Let o(y) = y**3 - 6*y**2 - 25*y - 10. Let s be o(9). Let a(r) = -r - 4. Give a(s).
-12
Let t(g) = g**3 + 4*g**2 - 7*g - 7. Let h = 12 + -7. Suppose 3*p = k - 9, 2 + h = p + 3*k. Let j = p + -3. What is t(j)?
3
Let y be 6 + (-1 - 1/(-1)). Let u = 7 - y. Let g(b) = 4*b**2 + 2*b - 1. Calculate g(u).
5
Let r = -6 + -6. Let m be r/(2 - -1) - 0. Let v(o) = -o + 1. Calculate v(m).
5
Let p(k) = -k**2 + k + 16. Let f be p(0). Let r(n) = -3*n + 2*n + 10 - f. Calculate r(-5).
-1
Let z(l) be the first derivative of l**4/4 - 5*l**3/3 - 7*l**2/2 + 6*l + 4. What is z(6)?
0
Let t be 2/(-10) + 16/5. Let l(f) = f**t + 0 + 5*f - 5*f**2 + 0. Let z = -2 + 6. Determine l(z).
4
Let d(u) = -4*u + 2 - 12 + u**3 - 5*u**2 + 2. What is d(6)?
4
Let a(u) = u**3 - 18*u**2 + 30*u + 33. Let x be a(16). Let n(m) = -3*m**2. Determine n(x).
-3
Let y(v) be the first derivative of -v**3/3 - v**2/2 - 13*v - 6. Determine y(0).
-13
Let g be ((-4)/2)/(-2)*6. Suppose -3*v + 7 = -r, 2*v - 4*r = -g*r + 2. Let x(u) = -u + 4*u - 2*u - u**2 + 1. Give x(v).
-1
Let r(z) be the second derivative of -z**5/60 + z**4/4 - 5*z**3/6 - z**2/2 - 2*z. Let c(v) be the first derivative of r(v). Give c(5).
0
Let z(d) = 10*d + d**2 - d - 1 + 0*d**2. Let w(l) = l**3 + 30*l**2 + 58*l + 48. Let b be w(-28). What is z(b)?
-9
Let t(p) be the first derivative of p**4/3 + p**3/6 - p**2/2 - 2*p - 3. Let c(d) be the first derivative of t(d). Calculate c(1).
4
Let z be 10/(-4)*(-2 + 4). Let b(c) = 4*c + 3 - 2*c + c**2 + 5*c. What is b(z)?
-7
Let s(d) = 2*d + 3. Let k(w) = -w**3 + 5*w**2 - 3*w + 12. Let l be k(5). What is s(l)?
-3
Let r(w) = -86*w + 87*w + w**2 + 6 - 19. Determine r(0).
-13
Let y be (-8)/20 + 22/5. Suppose -24 = -5*d - s, y*s - 2 = -3*d + 26. Let p(z) = -z**2 + 5*z - 1. Calculate p(d).
3
Let t = 57 - 59. Let k(m) = -4*m**2 + 2. Determine k(t).
-14
Let a(g) be the first derivative of -2 - 1/2*g**2 - 2*g. Let v be a(-4). Let j(t) = 2*t**3 - t**2 - 2. Calculate j(v).
10
Let r(g) = 2*g + 11. Let p(w) = w + 1. Let y(b) = b. Let x(u) = -6*p(u) + 5*y(u). Let t(k) = 4*r(k) + 7*x(k). Suppose 4 = 2*l - 4. Determine t(l).
6
Let l(d) = -3 + 17*d - 2 - 16*d. Determine l(9).
4
Let i(v) = 27*v + 13 - 3*v**2 - 42*v + 4*v**2. Give i(14).
-1
Let t be (2/(-3))/(1/(-21)). Suppose -4*m = -2 - t. Let j(k) = m*k + 0*k - 3 - 2*k. What is j(3)?
3
Let p be (1 - 1)*5/10. Let q(o) be the third derivative of 0*o + 1/120*o**6 + 5/6*o**3 + 0 + o**2 + 0*o**5 - 1/24*o**4. Calculate q(p).
5
Let a(i) = i - 1 + 6 - 12. Give a(5).
-2
Suppose -s + 5*s - 4 = 0, 5*f = 4*s + 11. Suppose f*j - 3*i - i = 21, -5*j + 27 = -4*i. Let k(y) = 2*y**2 - 4*y + 3. Determine k(j).
9
Let a(v) be the second derivative of v**5/20 + 5*v**4/12 + v**3/3 - v**2 + v. What is a(-4)?
6
Let u(s) = -6*s + 7. Let d(n) = 18*n - 20. Let x(z) = -6*d(z) - 17*u(z). Let t(a) = -a**2 - 7*a + 1. Let g be t(-7). What is x(g)?
-5
Let g(y) = -y**2 + 5*y - 4. Let f(m) = 24*m - 9. Let c be f(6). Suppose 2*d - c = -3*d. Suppose -n - 3*b - d = -6*n, -n - 17 = 5*b. Give g(n).
2
Let q(d) = d**2 + 4*d + 2 - 4*d. Let p = 47 + -69. Let n = p - -19. Give q(n).
11
Let z = -10 - -10. Let l(y) be the second derivative of -y**3/6 + 3*y**2/2 + 2*y. Give l(z).
3
Let x(q) be the second derivative of -1/3*q**4 - 2*q**2 + 1/2*q**3 + 0 + 1/20*q**5 + 3*q. Determine x(3).
-4
Let a(n) = -2*n**2 + 3*n**2 + 0*n**2 - 6*n + 4. Let t = -113 + 117. Determine a(t).
-4
Let z(f) = -f**2 - 8*f - 8. Suppose 9 = -3*d - 9. What is z(d)?
4
Let x(l) = -l - 1. Let o be x(-3). Let i be -1*(o - 1) - -3. Let m(k) = -k**3 + 3*k - 2. Give m(i).
-4
Let r(l) = -3*l. Let x be ((2 - -6) + -4)*(-2)/(-8). Determine r(x).
-3
Let u be 2/4*(-2 - -2). Let c(n) = -16*n - 5*n + 22*n + 9. Determine c(u).
9
Let d(g) = 3*g + 2 - 2 - 2*g + 1. Give d(2).
3
Let w(c) = -c - 8. Let l be (0 - -4) + 10 + -14. What is w(l)?
-8
Let a(w) = 5 - 6*w**2 - 16*w**3 + 0*w - 5*w + 15*w**3. Let l be a(-5). Let z(y) = -3*y - 8. Let d(s) = -4*s - 8. Let o(k) = -4*d(k) + 5*z(k). Determine o(l).
-3
Let m(q) = -q**2 - 7*q - 1. Let n be m(-3). Let r(i) = i**3 + 4*i - 2*i**2 + n*i**2 - 4*i**2. Give r(-4).
0
Let l be 1 - (-3 + -3 + 2). Let h(k) = 7*k - 1. Let n(u) = 3*u. Let i(r) = l*n(r) - 2*h(r). Let d(v) = 8*v + 43. Let q be d(-6). What is i(q)?
-3
Let w(r) = -2*r**2 - 5*r - 4. Let g(l) = l**2 + l. Let v(c) = -3*g(c) - w(c). Calculate v(3).
1
Let v(g) = -g + 3. Let b = -6 + 9. Suppose 2*a = -3*l - b, -5 = -5*a - l + 6*l. Determine v(a).
3
Suppose -4*k = 3*h - 1, 4*h - 3*k - k + 8 = 0. Let y(f) = -3*f + 1. Determine y(h).
4
Let q(z) = -7*z - 9. Let y(t) = 3*t + 5. Let g(r) = -3*q(r) - 5*y(r). What is g(-2)?
-10
Let j be 270/33 + 4/(-22). Suppose -d - 1 = -5*l - 3, 4*d = 5*l + j. Let v(g) be the second derivative of -g**4/12 + g**3/6 + g. Calculate v(l).
0
Let w(q) = -q + 1. Let j(a) = 5*a + 2. Let s(m) = j(m) + 2*w(m). What is s(-4)?
-8
Let u be 1/1*-1 - -1. Suppose u*v = 5*v + 15. Let h(k) = k**3 + 2*k**2 + 3. Calculate h(v).
-6
Let r(u) be the third derivative of -u**5/60 - 5*u**4/24 - u**3/6 - u**2. Suppose -1 = s - 6. Suppose 4*d + s = -7. Determine r(d).
5
Let p = -28 + 16. Let g be (-3)/p + 1/(-4). Let u(m) = m**2 - m + 3. What is u(g)?
3
Let j(y) be the first derivative of -y**5/120 - y**4/3 - y**3/3 + 2. Let s(q) be the third derivative of j(q). Let g = 3 + -3. Give s(g).
-8
Suppose 0 = -4*i - 3*q - 2*q - 9, 0 = -3*i - q + 7. Let c(k) = -i*k - 4*k**2 + 5*k**2 + 4 - 4. Let o(r) = r. Let v be o(3). Calculate c(v).
-3
Suppose 3*l = -3*r + 9, l = -r + 5*r - 2. Let d(b) = -b**2 + 2*b + 2. Let s be d(2). Let q(v) = -v**2 + 2 - v**s - 4*v**3 - 3 + 2*v. Calculate q(r).
-5
Let d(o) = 2*o**2 - 2*o + 9. Let y(n) = 3*n**2 - 3*n + 10. Let g(p) = 4*d(p) - 3*y(p). Let b be (-7)/(-28) + 1/(-4). Give g(b).
6
Let t(a) = 4*a**2 + 3*a**3 + a**2 - 1 - 7*a - 4*a**3 + 2*a. Suppose 5*h = 3*h + 40. Suppose 2*v = -3*v + h. What is t(v)?
-5
Let p(m) = -4*m + 7 - 12 + 5. Calculate p(1).
-4
Let u = -48 - -52. Let i(w) be the first derivative of -1/3*w**3 - 3 - u*w - 7/2*w**2. What is i(-4)?
8
Let z(p) = -4*p**2 + p - 2. Let h(g) = -3*g**2 - 1. Let b(x) = -6*h(x) +